{"id":1100,"date":"2022-12-08T17:59:28","date_gmt":"2022-12-08T17:59:28","guid":{"rendered":"https:\/\/dozemeto.biz\/?post_type=product&#038;p=1100"},"modified":"2022-12-11T10:08:03","modified_gmt":"2022-12-11T10:08:03","slug":"zolpidem-10mg-stilnoct","status":"publish","type":"product","link":"https:\/\/dozemeto.biz\/index.php\/product\/zolpidem-10mg-stilnoct\/","title":{"rendered":"Zolpidem\/Stilnoct 10mg"},"content":{"rendered":"<p>Zolpidem kallas \u00e4ven: Stilnoct, Edluar, Ambien och Stilnox.<\/p>\n<p>Stilnoct \u00e4r en l\u00e4kemedelssubstans som anv\u00e4nds vid s\u00f6mnbesv\u00e4r. Preparatet anv\u00e4nds f\u00f6r underst\u00f6djande terapi under begr\u00e4nsad tid vid behandling av kroniska s\u00f6mnbesv\u00e4r.<\/p>\n<p>Substansen \u00e4r narkotikaklassad och ing\u00e5r i f\u00f6rteckning P IV i 1971 \u00e5rs psykotropkonvention samt i f\u00f6rteckning IV i Sverige.<\/p>\n","protected":false},"excerpt":{"rendered":"<ul>\n<li>Belbien fr\u00e5n l\u00e4kemedelsf\u00f6retaget Hemofarm. Varje tablett inneh\u00e5ller 10mg Zolpidem och kommer i blister.<\/li>\n<li>Notera att dessa tabletter \u00e4r beroendeframkallande och b\u00f6r inte kombineras med alkohol.<\/li>\n<\/ul>\n","protected":false},"featured_media":1101,"template":"","meta":{"site-sidebar-layout":"default","site-content-layout":"default","ast-global-header-display":"","ast-main-header-display":"","ast-hfb-above-header-display":"","ast-hfb-below-header-display":"","ast-hfb-mobile-header-display":"","site-post-title":"","ast-breadcrumbs-content":"","ast-featured-img":"","footer-sml-layout":"","theme-transparent-header-meta":"default","adv-header-id-meta":"","stick-header-meta":"","header-above-stick-meta":"","header-main-stick-meta":"","header-below-stick-meta":""},"product_cat":[21],"product_tag":[],"class_list":["post-1100","product","type-product","status-publish","has-post-thumbnail","hentry","product_cat-shop","desktop-align-left","tablet-align-left","mobile-align-left"],"_links":{"self":[{"href":"https:\/\/dozemeto.biz\/index.php\/wp-json\/wp\/v2\/product\/1100","targetHints":{"allow":["GET"]}}],"collection":[{"href":"https:\/\/dozemeto.biz\/index.php\/wp-json\/wp\/v2\/product"}],"about":[{"href":"https:\/\/dozemeto.biz\/index.php\/wp-json\/wp\/v2\/types\/product"}],"wp:featuredmedia":[{"embeddable":true,"href":"https:\/\/dozemeto.biz\/index.php\/wp-json\/wp\/v2\/media\/1101"}],"wp:attachment":[{"href":"https:\/\/dozemeto.biz\/index.php\/wp-json\/wp\/v2\/media?parent=1100"}],"wp:term":[{"taxonomy":"product_cat","embeddable":true,"href":"https:\/\/dozemeto.biz\/index.php\/wp-json\/wp\/v2\/product_cat?post=1100"},{"taxonomy":"product_tag","embeddable":true,"href":"https:\/\/dozemeto.biz\/index.php\/wp-json\/wp\/v2\/product_tag?post=1100"}],"curies":[{"name":"wp","href":"https:\/\/api.w.org\/{rel}","templated":true}]}}