{"id":1229,"date":"2022-12-11T10:32:59","date_gmt":"2022-12-11T10:32:59","guid":{"rendered":"https:\/\/dozemeto.biz\/?post_type=product&#038;p=1229"},"modified":"2022-12-11T10:32:59","modified_gmt":"2022-12-11T10:32:59","slug":"ketogan-novum-5mg","status":"publish","type":"product","link":"https:\/\/dozemeto.biz\/index.php\/product\/ketogan-novum-5mg\/","title":{"rendered":"Ketogan Novum 5mg"},"content":{"rendered":"<p>Ketogan Novum inneh\u00e5ller ketobemidon som \u00e4r en morfinliknande substans med sm\u00e4rtstillande effekt, som anv\u00e4nds vid mycket sv\u00e5r sm\u00e4rta (till exempel cancersm\u00e4rta).<\/p>\n","protected":false},"excerpt":{"rendered":"<ul>\n<li>\u00c4kta apoteksvara fr\u00e5n Pfizer. Varje karta inneh\u00e5ller 10st och kommer i blister!<\/li>\n<li>Notera att dessa tabletter \u00e4r extremt beroendeframkallande och b\u00f6r inte kombineras med alkohol.<\/li>\n<\/ul>\n","protected":false},"featured_media":1234,"template":"","meta":{"site-sidebar-layout":"default","site-content-layout":"default","ast-global-header-display":"","ast-main-header-display":"","ast-hfb-above-header-display":"","ast-hfb-below-header-display":"","ast-hfb-mobile-header-display":"","site-post-title":"","ast-breadcrumbs-content":"","ast-featured-img":"","footer-sml-layout":"","theme-transparent-header-meta":"default","adv-header-id-meta":"","stick-header-meta":"","header-above-stick-meta":"","header-main-stick-meta":"","header-below-stick-meta":""},"product_cat":[21],"product_tag":[],"class_list":["post-1229","product","type-product","status-publish","has-post-thumbnail","hentry","product_cat-shop","desktop-align-left","tablet-align-left","mobile-align-left"],"_links":{"self":[{"href":"https:\/\/dozemeto.biz\/index.php\/wp-json\/wp\/v2\/product\/1229","targetHints":{"allow":["GET"]}}],"collection":[{"href":"https:\/\/dozemeto.biz\/index.php\/wp-json\/wp\/v2\/product"}],"about":[{"href":"https:\/\/dozemeto.biz\/index.php\/wp-json\/wp\/v2\/types\/product"}],"wp:featuredmedia":[{"embeddable":true,"href":"https:\/\/dozemeto.biz\/index.php\/wp-json\/wp\/v2\/media\/1234"}],"wp:attachment":[{"href":"https:\/\/dozemeto.biz\/index.php\/wp-json\/wp\/v2\/media?parent=1229"}],"wp:term":[{"taxonomy":"product_cat","embeddable":true,"href":"https:\/\/dozemeto.biz\/index.php\/wp-json\/wp\/v2\/product_cat?post=1229"},{"taxonomy":"product_tag","embeddable":true,"href":"https:\/\/dozemeto.biz\/index.php\/wp-json\/wp\/v2\/product_tag?post=1229"}],"curies":[{"name":"wp","href":"https:\/\/api.w.org\/{rel}","templated":true}]}}