{"id":1435,"date":"2023-05-16T18:41:18","date_gmt":"2023-05-16T18:41:18","guid":{"rendered":"https:\/\/dozemeto.biz\/?post_type=product&#038;p=1435"},"modified":"2023-05-16T18:57:41","modified_gmt":"2023-05-16T18:57:41","slug":"xanor-2mg","status":"publish","type":"product","link":"https:\/\/dozemeto.biz\/index.php\/product\/xanor-2mg\/","title":{"rendered":"Xanor 2mg"},"content":{"rendered":"<div class=\"woocommerce-tabs wc-tabs-wrapper\">\n<div id=\"tab-description\" class=\"woocommerce-Tabs-panel woocommerce-Tabs-panel--description panel entry-content wc-tab\" role=\"tabpanel\" aria-labelledby=\"tab-title-description\">\n<p>Alprazolam\u00a0Kallas \u00e4ven: Ksalol, Xanor och Bl\u00e5b\u00e4r. Alprazolam \u00e4r ett kortverkande preparat som anv\u00e4nds f\u00f6r att behandla \u00e5ngestsymtom som oro, rastl\u00f6shet och sp\u00e4nning. Medlet anv\u00e4nds framf\u00f6rallt i det akuta skedet vid panik\u00e5ngest samt vid vissa \u00e5ngesttillst\u00e5nd i samband med depression. L\u00e4kemedelsnamn \u00e4r Xanor med flera i Sverige och Xanax i USA och marknadsf\u00f6rs under detta namn av Pfizer. Alprazolam \u00e4r en kortverkande lugnande medel i klassen triazolobensodiazepin (TBZD), som \u00e4r bensodiazepiner (BZD) sm\u00e4lta med en triazolring.<\/p>\n<\/div>\n<\/div>\n","protected":false},"excerpt":{"rendered":"<ul>\n<li>En burk inneh\u00e5ller 20 tabletter<\/li>\n<li>Varje tablett inneh\u00e5ller 2mg Alprazolam som \u00e4ven \u00e4r det verksamma \u00e4mnet i Xanax eller Xanor. Notera att dessa tabletter \u00e4r beroendeframkallande och b\u00f6r inte kombineras med alkohol.<\/li>\n<\/ul>\n","protected":false},"featured_media":1436,"template":"","meta":{"site-sidebar-layout":"default","site-content-layout":"default","ast-global-header-display":"","ast-main-header-display":"","ast-hfb-above-header-display":"","ast-hfb-below-header-display":"","ast-hfb-mobile-header-display":"","site-post-title":"","ast-breadcrumbs-content":"","ast-featured-img":"","footer-sml-layout":"","theme-transparent-header-meta":"default","adv-header-id-meta":"","stick-header-meta":"","header-above-stick-meta":"","header-main-stick-meta":"","header-below-stick-meta":""},"product_cat":[21],"product_tag":[],"class_list":["post-1435","product","type-product","status-publish","has-post-thumbnail","hentry","product_cat-shop","desktop-align-left","tablet-align-left","mobile-align-left"],"_links":{"self":[{"href":"https:\/\/dozemeto.biz\/index.php\/wp-json\/wp\/v2\/product\/1435","targetHints":{"allow":["GET"]}}],"collection":[{"href":"https:\/\/dozemeto.biz\/index.php\/wp-json\/wp\/v2\/product"}],"about":[{"href":"https:\/\/dozemeto.biz\/index.php\/wp-json\/wp\/v2\/types\/product"}],"wp:featuredmedia":[{"embeddable":true,"href":"https:\/\/dozemeto.biz\/index.php\/wp-json\/wp\/v2\/media\/1436"}],"wp:attachment":[{"href":"https:\/\/dozemeto.biz\/index.php\/wp-json\/wp\/v2\/media?parent=1435"}],"wp:term":[{"taxonomy":"product_cat","embeddable":true,"href":"https:\/\/dozemeto.biz\/index.php\/wp-json\/wp\/v2\/product_cat?post=1435"},{"taxonomy":"product_tag","embeddable":true,"href":"https:\/\/dozemeto.biz\/index.php\/wp-json\/wp\/v2\/product_tag?post=1435"}],"curies":[{"name":"wp","href":"https:\/\/api.w.org\/{rel}","templated":true}]}}